{"id":132,"date":"2023-02-13T20:14:17","date_gmt":"2023-02-13T19:14:17","guid":{"rendered":"https:\/\/swedendronephoto.com\/?page_id=132"},"modified":"2024-05-08T16:25:50","modified_gmt":"2024-05-08T14:25:50","slug":"om-sweden-drone-photo","status":"publish","type":"page","link":"https:\/\/swedendronephoto.com\/index.php\/om-sweden-drone-photo\/","title":{"rendered":"Om Sweden Drone Photo"},"content":{"rendered":"\n<p>Sweden Drone Photo \u00e4r en del av hr.b. AB som jobbar enbart mot att f\u00f6rb\u00e4ttra och g\u00f6ra dr\u00f6nar bilder mer tillg\u00e4nglig f\u00f6r fler.<br>Det genom att ha utbildingar och information hur man flyger och processar bilder p\u00e5 b\u00e4sta s\u00e4tt.<br>F\u00f6r att ocks\u00e5 g\u00f6ra bilder mer tillg\u00e4ngliga och enklar att g\u00f6ra \u00e4r Sweden Drone Map n\u00e4ra anslutet till OlleBo.com.<\/p>\n\n\n\n<h2 class=\"wp-block-heading\">OlleBo.Com<\/h2>\n\n\n\n<figure class=\"wp-block-image size-full is-resized\"><img decoding=\"async\" width=\"206\" height=\"40\" src=\"https:\/\/swedendronephoto.com\/wp-content\/uploads\/2024\/05\/elino-logo-white.png\" alt=\"\" class=\"wp-image-330\" style=\"width:632px;height:auto\"\/><\/figure>\n\n\n\n<p>Ollebo.com \u00e4r ett \u00f6ppen project f\u00f6r att driva och bygga tekniskat l\u00f6sningar f\u00f6r att ha sensor av olika slag kopplade ihop. Sensor kan vara av en typ som kameror eller andra sensorer som temp eller ljud.<br>En stor del i Ollebo \u00e4r att sensorerna enklat ocks\u00e5 ska kunna integrerar is olika fordon som Rovers, Flygplan eller Dr\u00f6nare.<\/p>\n\n\n\n<p><br><br><\/p>\n\n\n\n<figure class=\"wp-block-gallery has-nested-images columns-default is-cropped wp-block-gallery-1 is-layout-flex wp-block-gallery-is-layout-flex\">\n<figure class=\"wp-block-image size-large\"><img fetchpriority=\"high\" decoding=\"async\" width=\"1024\" height=\"768\" data-id=\"267\" src=\"https:\/\/swedendronephoto.com\/wp-content\/uploads\/2024\/05\/DJI_0182-1024x768.jpg\" alt=\"\" class=\"wp-image-267\" srcset=\"https:\/\/swedendronephoto.com\/wp-content\/uploads\/2024\/05\/DJI_0182-1024x768.jpg 1024w, https:\/\/swedendronephoto.com\/wp-content\/uploads\/2024\/05\/DJI_0182-300x225.jpg 300w, https:\/\/swedendronephoto.com\/wp-content\/uploads\/2024\/05\/DJI_0182-768x576.jpg 768w, https:\/\/swedendronephoto.com\/wp-content\/uploads\/2024\/05\/DJI_0182-1536x1152.jpg 1536w, https:\/\/swedendronephoto.com\/wp-content\/uploads\/2024\/05\/DJI_0182-2048x1536.jpg 2048w\" sizes=\"(max-width: 1024px) 100vw, 1024px\" \/><figcaption class=\"wp-element-caption\">DCIM100MEDIADJI_0182.JPG<\/figcaption><\/figure>\n\n\n\n<figure class=\"wp-block-image size-large\"><img decoding=\"async\" width=\"1024\" height=\"768\" data-id=\"319\" src=\"https:\/\/swedendronephoto.com\/wp-content\/uploads\/2024\/05\/DJI_0742-1024x768.jpg\" alt=\"\" class=\"wp-image-319\" srcset=\"https:\/\/swedendronephoto.com\/wp-content\/uploads\/2024\/05\/DJI_0742-1024x768.jpg 1024w, https:\/\/swedendronephoto.com\/wp-content\/uploads\/2024\/05\/DJI_0742-300x225.jpg 300w, https:\/\/swedendronephoto.com\/wp-content\/uploads\/2024\/05\/DJI_0742-768x576.jpg 768w, https:\/\/swedendronephoto.com\/wp-content\/uploads\/2024\/05\/DJI_0742-1536x1152.jpg 1536w, https:\/\/swedendronephoto.com\/wp-content\/uploads\/2024\/05\/DJI_0742-2048x1536.jpg 2048w\" sizes=\"(max-width: 1024px) 100vw, 1024px\" \/><figcaption class=\"wp-element-caption\">DCIM100MEDIADJI_0742.JPG<\/figcaption><\/figure>\n\n\n\n<figure class=\"wp-block-image size-large\"><img loading=\"lazy\" decoding=\"async\" width=\"1024\" height=\"768\" data-id=\"323\" src=\"https:\/\/swedendronephoto.com\/wp-content\/uploads\/2024\/05\/DJI_0738-1024x768.jpg\" alt=\"\" class=\"wp-image-323\" srcset=\"https:\/\/swedendronephoto.com\/wp-content\/uploads\/2024\/05\/DJI_0738-1024x768.jpg 1024w, https:\/\/swedendronephoto.com\/wp-content\/uploads\/2024\/05\/DJI_0738-300x225.jpg 300w, https:\/\/swedendronephoto.com\/wp-content\/uploads\/2024\/05\/DJI_0738-768x576.jpg 768w, https:\/\/swedendronephoto.com\/wp-content\/uploads\/2024\/05\/DJI_0738-1536x1152.jpg 1536w, https:\/\/swedendronephoto.com\/wp-content\/uploads\/2024\/05\/DJI_0738-2048x1536.jpg 2048w\" sizes=\"(max-width: 1024px) 100vw, 1024px\" \/><figcaption class=\"wp-element-caption\">DCIM100MEDIADJI_0738.JPG<\/figcaption><\/figure>\n\n\n\n<figure class=\"wp-block-image size-large\"><img loading=\"lazy\" decoding=\"async\" width=\"1024\" height=\"768\" data-id=\"327\" src=\"https:\/\/swedendronephoto.com\/wp-content\/uploads\/2024\/05\/DJI_0734-1024x768.jpg\" alt=\"\" class=\"wp-image-327\" srcset=\"https:\/\/swedendronephoto.com\/wp-content\/uploads\/2024\/05\/DJI_0734-1024x768.jpg 1024w, https:\/\/swedendronephoto.com\/wp-content\/uploads\/2024\/05\/DJI_0734-300x225.jpg 300w, https:\/\/swedendronephoto.com\/wp-content\/uploads\/2024\/05\/DJI_0734-768x576.jpg 768w, https:\/\/swedendronephoto.com\/wp-content\/uploads\/2024\/05\/DJI_0734-1536x1152.jpg 1536w, https:\/\/swedendronephoto.com\/wp-content\/uploads\/2024\/05\/DJI_0734-2048x1536.jpg 2048w\" sizes=\"(max-width: 1024px) 100vw, 1024px\" \/><figcaption class=\"wp-element-caption\">DCIM100MEDIADJI_0734.JPG<\/figcaption><\/figure>\n<\/figure>\n\n\n\n<p>Sweden Drone Photo \u00e4r delen som jobbar med bilderna som \u00e4r tagna med dom olika fordonen.<\/p>\n\n\n\n<p><a href=\"https:\/\/ollebo.com\">L\u00e4s mer p\u00e5 https:\/\/www.ollebo.com<\/a><\/p>\n\n\n\n<h2 class=\"wp-block-heading\">h.r.b AB<\/h2>\n\n\n\n<figure class=\"wp-block-image size-large\"><img loading=\"lazy\" decoding=\"async\" width=\"1024\" height=\"378\" src=\"https:\/\/swedendronephoto.com\/wp-content\/uploads\/2024\/05\/hrb-1024x378.png\" alt=\"\" class=\"wp-image-331\" srcset=\"https:\/\/swedendronephoto.com\/wp-content\/uploads\/2024\/05\/hrb-1024x378.png 1024w, https:\/\/swedendronephoto.com\/wp-content\/uploads\/2024\/05\/hrb-300x111.png 300w, https:\/\/swedendronephoto.com\/wp-content\/uploads\/2024\/05\/hrb-768x284.png 768w, https:\/\/swedendronephoto.com\/wp-content\/uploads\/2024\/05\/hrb-1536x567.png 1536w, https:\/\/swedendronephoto.com\/wp-content\/uploads\/2024\/05\/hrb.png 1833w\" sizes=\"(max-width: 1024px) 100vw, 1024px\" \/><\/figure>\n\n\n\n<p>Hacking Robots and Beer \u00e4r det f\u00f6retag som st\u00e5r bakom b\u00e5de Ollebo.com och swedendronephoto.se. h.r.b AB har \u00e4ven fler project och f\u00f6r att se alla bes\u00f6k <a href=\"https:\/\/hacking.robots.beer\">https:\/\/hacking.robots.beer<\/a><\/p>\n\n\n\n<h2 class=\"wp-block-heading\">Norra Stockholm J\u00e4rf\u00e4lla och i S\u00f6dra Dalarna<\/h2>\n\n\n\n<p>Vi finns i Norra Stockholm i J\u00e4rf\u00e4lla och i s\u00f6dra Dalarna Ludvika. Kontakta oss g\u00e4rna p\u00e5 formul\u00e4rer f\u00f6r att veta mer.<\/p>\n\n\n\n<div class=\"wp-block-contact-form-7-contact-form-selector\">\n<div class=\"wpcf7 no-js\" id=\"wpcf7-f145-o1\" lang=\"sv-SE\" dir=\"ltr\">\n<div class=\"screen-reader-response\"><p role=\"status\" aria-live=\"polite\" aria-atomic=\"true\"><\/p> <ul><\/ul><\/div>\n<form action=\"\/index.php\/wp-json\/wp\/v2\/pages\/132#wpcf7-f145-o1\" method=\"post\" class=\"wpcf7-form init\" aria-label=\"Kontaktformul\u00e4r\" novalidate=\"novalidate\" data-status=\"init\">\n<div style=\"display: none;\">\n<input type=\"hidden\" name=\"_wpcf7\" value=\"145\" \/>\n<input type=\"hidden\" name=\"_wpcf7_version\" value=\"5.9.4\" \/>\n<input type=\"hidden\" name=\"_wpcf7_locale\" value=\"sv_SE\" \/>\n<input type=\"hidden\" name=\"_wpcf7_unit_tag\" value=\"wpcf7-f145-o1\" \/>\n<input type=\"hidden\" name=\"_wpcf7_container_post\" value=\"0\" \/>\n<input type=\"hidden\" name=\"_wpcf7_posted_data_hash\" value=\"\" \/>\n<\/div>\n<p><label> Ditt namn<br \/>\n<span class=\"wpcf7-form-control-wrap\" data-name=\"your-name\"><input size=\"40\" class=\"wpcf7-form-control wpcf7-text wpcf7-validates-as-required\" autocomplete=\"name\" aria-required=\"true\" aria-invalid=\"false\" value=\"\" type=\"text\" name=\"your-name\" \/><\/span> <\/label>\n<\/p>\n<p><label> Din e-post<br \/>\n<span class=\"wpcf7-form-control-wrap\" data-name=\"your-email\"><input size=\"40\" class=\"wpcf7-form-control wpcf7-email wpcf7-validates-as-required wpcf7-text wpcf7-validates-as-email\" autocomplete=\"email\" aria-required=\"true\" aria-invalid=\"false\" value=\"\" type=\"email\" name=\"your-email\" \/><\/span> <\/label>\n<\/p>\n<p><label> \u00c4mne<br \/>\n<span class=\"wpcf7-form-control-wrap\" data-name=\"your-subject\"><input size=\"40\" class=\"wpcf7-form-control wpcf7-text wpcf7-validates-as-required\" aria-required=\"true\" aria-invalid=\"false\" value=\"\" type=\"text\" name=\"your-subject\" \/><\/span> <\/label>\n<\/p>\n<p><label> Ditt meddelande (valfritt)<br \/>\n<span class=\"wpcf7-form-control-wrap\" data-name=\"your-message\"><textarea cols=\"40\" rows=\"10\" class=\"wpcf7-form-control wpcf7-textarea\" aria-invalid=\"false\" name=\"your-message\"><\/textarea><\/span> <\/label>\n<\/p>\n<p><input class=\"wpcf7-form-control wpcf7-submit has-spinner\" type=\"submit\" value=\"Skicka\" \/>\n<\/p><div class=\"wpcf7-response-output\" aria-hidden=\"true\"><\/div>\n<\/form>\n<\/div>\n<\/div>\n","protected":false},"excerpt":{"rendered":"<p>Sweden Drone Photo \u00e4r en del av hr.b. AB som jobbar enbart mot att f\u00f6rb\u00e4ttra och g\u00f6ra dr\u00f6nar bilder mer tillg\u00e4nglig f\u00f6r fler.Det genom att ha utbildingar och information hur man flyger och processar bilder p\u00e5 b\u00e4sta s\u00e4tt.F\u00f6r att ocks\u00e5 g\u00f6ra bilder mer tillg\u00e4ngliga och enklar att g\u00f6ra \u00e4r Sweden Drone Map n\u00e4ra anslutet till [&hellip;]<\/p>\n","protected":false},"author":1,"featured_media":0,"parent":0,"menu_order":0,"comment_status":"closed","ping_status":"closed","template":"","meta":{"om_disable_all_campaigns":false,"_monsterinsights_skip_tracking":false,"_monsterinsights_sitenote_active":false,"_monsterinsights_sitenote_note":"","_monsterinsights_sitenote_category":0,"_uf_show_specific_survey":0,"_uf_disable_surveys":false,"_themeisle_gutenberg_block_has_review":false,"footnotes":""},"class_list":["post-132","page","type-page","status-publish","hentry"],"aioseo_notices":[],"_links":{"self":[{"href":"https:\/\/swedendronephoto.com\/index.php\/wp-json\/wp\/v2\/pages\/132","targetHints":{"allow":["GET"]}}],"collection":[{"href":"https:\/\/swedendronephoto.com\/index.php\/wp-json\/wp\/v2\/pages"}],"about":[{"href":"https:\/\/swedendronephoto.com\/index.php\/wp-json\/wp\/v2\/types\/page"}],"author":[{"embeddable":true,"href":"https:\/\/swedendronephoto.com\/index.php\/wp-json\/wp\/v2\/users\/1"}],"replies":[{"embeddable":true,"href":"https:\/\/swedendronephoto.com\/index.php\/wp-json\/wp\/v2\/comments?post=132"}],"version-history":[{"count":7,"href":"https:\/\/swedendronephoto.com\/index.php\/wp-json\/wp\/v2\/pages\/132\/revisions"}],"predecessor-version":[{"id":332,"href":"https:\/\/swedendronephoto.com\/index.php\/wp-json\/wp\/v2\/pages\/132\/revisions\/332"}],"wp:attachment":[{"href":"https:\/\/swedendronephoto.com\/index.php\/wp-json\/wp\/v2\/media?parent=132"}],"curies":[{"name":"wp","href":"https:\/\/api.w.org\/{rel}","templated":true}]}}