{"id":135,"date":"2023-02-13T20:14:36","date_gmt":"2023-02-13T19:14:36","guid":{"rendered":"https:\/\/swedendronephoto.com\/?page_id=135"},"modified":"2024-05-08T16:16:14","modified_gmt":"2024-05-08T14:16:14","slug":"utbildning","status":"publish","type":"page","link":"https:\/\/swedendronephoto.com\/index.php\/utbildning\/","title":{"rendered":"Utbildning"},"content":{"rendered":"\n<p>En viktig del i swedene drone photo \u00e4r utbildningar i all steg fr\u00e5n att flyga till att pocessa och jobba med bilder fr\u00e5n dr\u00f6nare och liknaden.<br>Vi bedriver olika yh utbildningar mot flera olika utbildnings s\u00e4tt d\u00e4r vi jobbar idag med uggla.io<\/p>\n\n\n\n<p><\/p>\n\n\n\n<h2 class=\"wp-block-heading\">Flyga \/ handhavande av dr\u00f6nare<\/h2>\n\n\n\n<figure class=\"wp-block-image size-large is-resized\"><img fetchpriority=\"high\" decoding=\"async\" width=\"1024\" height=\"683\" src=\"https:\/\/swedendronephoto.com\/wp-content\/uploads\/2024\/05\/pexels-thisisengineering-19895780-1024x683.jpg\" alt=\"\" class=\"wp-image-302\" style=\"width:496px\" srcset=\"https:\/\/swedendronephoto.com\/wp-content\/uploads\/2024\/05\/pexels-thisisengineering-19895780-1024x683.jpg 1024w, https:\/\/swedendronephoto.com\/wp-content\/uploads\/2024\/05\/pexels-thisisengineering-19895780-300x200.jpg 300w, https:\/\/swedendronephoto.com\/wp-content\/uploads\/2024\/05\/pexels-thisisengineering-19895780-768x512.jpg 768w, https:\/\/swedendronephoto.com\/wp-content\/uploads\/2024\/05\/pexels-thisisengineering-19895780-1536x1025.jpg 1536w\" sizes=\"(max-width: 1024px) 100vw, 1024px\" \/><figcaption class=\"wp-element-caption\">Trasig dr\u00f6nare som repareras<\/figcaption><\/figure>\n\n\n\n<p>Utbildingar i lagar och f\u00f6rdningar som man som dr\u00f6nare poliot m\u00e5ste f\u00f6rh\u00e5lla sig till.<br>Vart man f\u00e5r flyga och hur man s\u00f6ker tillst\u00e5nt. Till hur man flyger s\u00e4kert b\u00e5de i stand och \u00f6ver skog.<br>Hantera crasher och vad som beh\u00f6ver checkas innan man p\u00e5b\u00f6rjar sin flygning.<\/p>\n\n\n\n<p>Vad man ska t\u00e4nka p\u00e5 n\u00e4r man flyger f\u00f6r att ta bilder till dom olika resultaten tex 3d model eller DTM.<\/p>\n\n\n\n<p><\/p>\n\n\n\n<h2 class=\"wp-block-heading\">F\u00f6retag eller F\u00f6rening<\/h2>\n\n\n\n<p>Vi utf\u00f6r ocks\u00e5  inrikated utbildingar more f\u00f6retag. Kan tex vara skogsf\u00f6retag som vill \u00f6vervaka skog. Eller byggf\u00f6retag som vill \u00f6vervaka hur arbetet p\u00e5 ett bygga fortl\u00f6per.<br>D\u00e4r jobbar vi med inrikatde utbildningar som inefattar basen hur man flyger dr\u00f6nare s\u00e4kert. Och sedan den inriktning som \u00e4r l\u00e4mpad f\u00f6re f\u00f6retaget tex flygning och foto f\u00f6r 3d modelering.<\/p>\n\n\n\n<p><\/p>\n\n\n\n<h2 class=\"wp-block-heading\">Bild Proccesering<\/h2>\n\n\n\n<figure class=\"wp-block-image size-large\"><img decoding=\"async\" width=\"1024\" height=\"768\" src=\"https:\/\/swedendronephoto.com\/wp-content\/uploads\/2024\/05\/pexels-tomfisk-1081915-1024x768.jpg\" alt=\"\" class=\"wp-image-303\" srcset=\"https:\/\/swedendronephoto.com\/wp-content\/uploads\/2024\/05\/pexels-tomfisk-1081915-1024x768.jpg 1024w, https:\/\/swedendronephoto.com\/wp-content\/uploads\/2024\/05\/pexels-tomfisk-1081915-300x225.jpg 300w, https:\/\/swedendronephoto.com\/wp-content\/uploads\/2024\/05\/pexels-tomfisk-1081915-768x576.jpg 768w, https:\/\/swedendronephoto.com\/wp-content\/uploads\/2024\/05\/pexels-tomfisk-1081915-1536x1152.jpg 1536w, https:\/\/swedendronephoto.com\/wp-content\/uploads\/2024\/05\/pexels-tomfisk-1081915-2048x1536.jpg 2048w\" sizes=\"(max-width: 1024px) 100vw, 1024px\" \/><figcaption class=\"wp-element-caption\">Sweden Drone photo har egan servrar bara f\u00f6r bildprocssering<\/figcaption><\/figure>\n\n\n\n<p>Bilder som blir genererade kan man anv\u00e4nda till mycket. Men f\u00f6r att kunna anv\u00e4dna dom p\u00e5 r\u00e4tt s\u00e4tt finsn det bra proggram. Sweden Drone Photo har utbildningar f\u00f6r att r\u00e4kna p\u00e5 bilder tex en area eller massa. M\u00f6ta p\u00e5 bilder tex tak eller skog. <br>Men kan \u00e4ven passa bilder \u00f6ver kartor f\u00f6r att se och g\u00e4mf\u00f6ra bilder. Elelr bygga DTM bilder f\u00f6r att se olika niv\u00e5r i en bild.<br>Beroden p\u00e5 andv\u00e4ningen av bilderna s\u00e5 anpassar vi kursen och de program som anv\u00e4nds.<\/p>\n\n\n\n<p><\/p>\n\n\n\n<p><\/p>\n\n\n\n<h2 class=\"wp-block-heading\">Youtube<\/h2>\n\n\n\n<figure class=\"wp-block-image size-full is-resized\"><img decoding=\"async\" width=\"2560\" height=\"1920\" src=\"https:\/\/swedendronephoto.com\/wp-content\/uploads\/2024\/05\/pexels-bohlemedia-2050718-scaled.jpg\" alt=\"\" class=\"wp-image-304\" style=\"width:670px;height:377px\" srcset=\"https:\/\/swedendronephoto.com\/wp-content\/uploads\/2024\/05\/pexels-bohlemedia-2050718-scaled.jpg 2560w, https:\/\/swedendronephoto.com\/wp-content\/uploads\/2024\/05\/pexels-bohlemedia-2050718-300x225.jpg 300w, https:\/\/swedendronephoto.com\/wp-content\/uploads\/2024\/05\/pexels-bohlemedia-2050718-1024x768.jpg 1024w, https:\/\/swedendronephoto.com\/wp-content\/uploads\/2024\/05\/pexels-bohlemedia-2050718-768x576.jpg 768w, https:\/\/swedendronephoto.com\/wp-content\/uploads\/2024\/05\/pexels-bohlemedia-2050718-1536x1152.jpg 1536w, https:\/\/swedendronephoto.com\/wp-content\/uploads\/2024\/05\/pexels-bohlemedia-2050718-2048x1536.jpg 2048w\" sizes=\"(max-width: 2560px) 100vw, 2560px\" \/><\/figure>\n\n\n\n<p>M\u00e5nga av v\u00e5ra kurser har vi lakt up p\u00e5 Youtube som filmer f\u00f6r alla att se och l\u00e4ra sig av.<\/p>\n\n\n\n<p><a href=\"https:\/\/www.youtube.com\/channel\/UCzHiH290kX2l8XoWEmlMcmA\">https:\/\/www.youtube.com\/channel\/UCzHiH290kX2l8XoWEmlMcmA<\/a><\/p>\n\n\n\n<h2 class=\"wp-block-heading\">Har vi missat n\u00e5got<\/h2>\n\n\n\n<p>Detta \u00e4r ett stort omr\u00e5de och vi vet inte allt som finns. Om du har kunskap som du vill dela. H\u00f6r av dig till oss s\u00e5 vi kan f\u00e5 l\u00e4ra av dig eller om du vill vara med och l\u00e4ra ut vidare.<\/p>\n\n\n\n<p><\/p>\n\n\n\n<p><\/p>\n\n\n\n<p><\/p>\n","protected":false},"excerpt":{"rendered":"<p>En viktig del i swedene drone photo \u00e4r utbildningar i all steg fr\u00e5n att flyga till att pocessa och jobba med bilder fr\u00e5n dr\u00f6nare och liknaden.Vi bedriver olika yh utbildningar mot flera olika utbildnings s\u00e4tt d\u00e4r vi jobbar idag med uggla.io Flyga \/ handhavande av dr\u00f6nare Utbildingar i lagar och f\u00f6rdningar som man som dr\u00f6nare [&hellip;]<\/p>\n","protected":false},"author":1,"featured_media":0,"parent":0,"menu_order":0,"comment_status":"closed","ping_status":"closed","template":"","meta":{"om_disable_all_campaigns":false,"_monsterinsights_skip_tracking":false,"_monsterinsights_sitenote_active":false,"_monsterinsights_sitenote_note":"","_monsterinsights_sitenote_category":0,"_uf_show_specific_survey":0,"_uf_disable_surveys":false,"_themeisle_gutenberg_block_has_review":false,"footnotes":""},"class_list":["post-135","page","type-page","status-publish","hentry"],"aioseo_notices":[],"_links":{"self":[{"href":"https:\/\/swedendronephoto.com\/index.php\/wp-json\/wp\/v2\/pages\/135","targetHints":{"allow":["GET"]}}],"collection":[{"href":"https:\/\/swedendronephoto.com\/index.php\/wp-json\/wp\/v2\/pages"}],"about":[{"href":"https:\/\/swedendronephoto.com\/index.php\/wp-json\/wp\/v2\/types\/page"}],"author":[{"embeddable":true,"href":"https:\/\/swedendronephoto.com\/index.php\/wp-json\/wp\/v2\/users\/1"}],"replies":[{"embeddable":true,"href":"https:\/\/swedendronephoto.com\/index.php\/wp-json\/wp\/v2\/comments?post=135"}],"version-history":[{"count":8,"href":"https:\/\/swedendronephoto.com\/index.php\/wp-json\/wp\/v2\/pages\/135\/revisions"}],"predecessor-version":[{"id":313,"href":"https:\/\/swedendronephoto.com\/index.php\/wp-json\/wp\/v2\/pages\/135\/revisions\/313"}],"wp:attachment":[{"href":"https:\/\/swedendronephoto.com\/index.php\/wp-json\/wp\/v2\/media?parent=135"}],"curies":[{"name":"wp","href":"https:\/\/api.w.org\/{rel}","templated":true}]}}